when 1359439864 is divided by 4013?
4010
Calculate the remainder when 33031439 is divided by 3916.
3895
What is the remainder when 44955 is divided by 8930?
305
Calculate the remainder when 119755 is divided by 4828.
3883
Calculate the remainder when 6817243 is divided by 97.
83
Calculate the remainder when 417298 is divided by 208521.
256
What is the remainder when 1649424 is divided by 5498?
24
Calculate the remainder when 480261592 is divided by 114.
112
Calculate the remainder when 2644014 is divided by 7.
2
What is the remainder when 109344765 is divided by 12?
9
What is the remainder when 252654 is divided by 1767?
1740
Calculate the remainder when 658777 is divided by 1572.
109
What is the remainder when 9397308 is divided by 1100?
8
What is the remainder when 2370883 is divided by 321?
298
Calculate the remainder when 30208078 is divided by 168.
166
What is the remainder when 397801 is divided by 7057?
2609
What is the remainder when 7002111 is divided by 1720?
1711
Calculate the remainder when 1510538 is divided by 1182.
1124
Calculate the remainder when 765687 is divided by 2902.
2461
Calculate the remainder when 435049 is divided by 434963.
86
What is the remainder when 370745 is divided by 334?
5
Calculate the remainder when 18127650 is divided by 91.
86
Calculate the remainder when 1027409 is divided by 9340.
9
What is the remainder when 7378958 is divided by 9?
2
Calculate the remainder when 17078895 is divided by 1856.
1839
Calculate the remainder when 492543004 is divided by 750.
4
What is the remainder when 225849 is divided by 872?
1
What is the remainder when 22821489 is divided by 87?
84
What is the remainder when 278358 is divided by 987?
24
What is the remainder when 44401885 is divided by 31?
27
Calculate the remainder when 56828176 is divided by 20.
16
What is the remainder when 262822 is divided by 23028?
9514
Calculate the remainder when 8074256 is divided by 2691409.
29
Calculate the remainder when 214548 is divided by 1317.
1194
What is the remainder when 11997662 is divided by 14?
12
What is the remainder when 37773561 is divided by 292?
149
Calculate the remainder when 26651707 is divided by 85.
42
What is the remainder when 34776 is divided by 2297?
321
Calculate the remainder when 570300 is divided by 142215.
1440
What is the remainder when 104793 is divided by 52059?
675
Calculate the remainder when 200449 is divided by 1050.
949
Calculate the remainder when 1277280 is divided by 409.
382
What is the remainder when 2679558 is divided by 10506?
528
What is the remainder when 305537 is divided by 61025?
412
What is the remainder when 701018 is divided by 1879?
151
What is the remainder when 14196 is divided by 6477?
1242
Calculate the remainder when 2720895 is divided by 453.
177
What is the remainder when 72581 is divided by 590?
11
Calculate the remainder when 72856 is divided by 14567.
21
What is the remainder when 53339572 is divided by 46?
42
What is the remainder when 3352537 is divided by 1827?
1819
Calculate the remainder when 2808601 is divided by 168.
145
What is the remainder when 115121815 is divided by 837?
835
Calculate the remainder when 33373230 is divided by 806.
800
What is the remainder when 2129832 is divided by 12241?
12139
Calculate the remainder when 1554219 is divided by 1554191.
28
What is the remainder when 2923251 is divided by 54?
15
What is the remainder when 5412972 is divided by 41961?
3
Calculate the remainder when 776423 is divided by 1011.
986
What is the remainder when 7319558 is divided by 3659775?
8
Calculate the remainder when 49931273 is divided by 37.
32
Calculate the remainder when 99529052 is divided by 33176320.
92
Calculate the remainder when 167158 is divided by 82403.
2352
What is the remainder when 22519215 is divided by 787?
784
Calculate the remainder when 11801807 is divided by 358.
337
What is the remainder when 143454079 is divided by 3976?
3975
Calculate the remainder when 2395500 is divided by 802.
728
What is the remainder when 56622546 is divided by 5363?
5355
What is the remainder when 158812 is divided by 3368?
516
What is the remainder when 431264 is divided by 143670?
254
Calculate the remainder when 2099674 is divided by 33328.
10
Calculate the remainder when 27848162 is divided by 253165.
12
What is the remainder when 140617041 is divided by 9?
6
What is the remainder when 20249 is divided by 138?
101
What is the remainder when 230324 is divided by 2480?
2164
What is the remainder when 3756785 is divided by 836?
637
What is the remainder when 7664288 is divided by 709?
707
Calculate the remainder when 18587429 is divided by 2092.
9
Calculate the remainder when 4086338 is divided by 25.
13
Calculate the remainder when 153677 is divided by 76794.
89
Calculate the remainder when 16407118 is divided by 83.
10
Calculate the remainder when 41856767 is divided by 128.
127
Calculate the remainder when 8556 is divided by 795.
606
Calculate the remainder when 63915220 is divided by 165.
160
Calculate the remainder when 124359 is divided by 7720.
839
What is the remainder when 268495 is divided by 13756?
7131
Calculate the remainder when 234316 is divided by 6021.
5518
Calculate the remainder when 1049345 is divided by 7044.
6833
Calculate the remainder when 374987 is divided by 163.
87
What is the remainder when 216628 is divided by 3275?
478
What is the remainder when 9298433 is divided by 2324606?
9
Calculate the remainder when 932057 is divided by 931958.
99
Calculate the remainder when 727251 is divided by 3274.
423
What is the remainder when 2784820 is divided by 556950?
70
Calculate the remainder when 52226 is divided by 13035.
86
What is the remainder when 2050098 is divided by 227763?
231
Calculate the remainder when 3633218 is divided by 4420.
4398
What is the remainder when 2202813 is divided by 734265?
18
Calculate the remainder when 2203494 is divided by 6882.
1254
Calculate the remainder when 420433 is divided by 104989.
477
Calculate the remainder when 7530 is divided by 7083.
447
Calculate the remainder when 78416 is divided by 38813.
790
What is the remainder when 16181685 is divided by 497?
359
Calculate the remainder when 24381719 is divided by 264.
263
What is the remainder when 10326488 is divided by 78?
68
What is the remainder when 279505011 is divided by 27950500?
11
What is the remainder when 88012706 is divided by 13?
2
What is the remainder when 74909330 is divided by 7725?
5
What is the remainder when 42566020 is divided by 21282968?
84
Calculate the remainder when 2006766 is divided by 10187.
10114
What is the remainder when 949110 is divided by 26338?
942
What is the remainder when 15349 is divided by 81?
40
What is the remainder when 903068 is divided by 21?
5
Calculate the remainder when 3368931 is divided by 40.
11
Calculate the remainder when 203185 is divided by 67.
41
What is the remainder when 41145371 is divided by 379?
373
What is the remainder when 94150 is divided by 1822?
1228
Calculate the remainder when 1878992 is divided by 939455.
82
What is the remainder when 103390 is divided by 17218?
82
What is the remainder when 179461 is divided by 141?
109
Calculate the remainder when 1383779 is divided by 17.
13
Calculate the remainder when 7394730 is divided by 13.
5
What is the remainder when 162603930 is divided by 8818?
10
Calculate the remainder when 2968719 is divided by 742173.
27
What is the remainder when 95135 is divided by 301?
19
Calculate the remainder when 504378350 is divided by 779.
778
What is the remainder when 545405 is divided by 3868?
17
Calculate the remainder when 382168 is divided by 52.
20
What is the remainder when 207895 is divided by 426?
7
What is the remainder when 2325379 is divided by 135?
4
What is the remainder when 115748981 is divided by 956603?
18
What is the remainder when 281715 is divided by 1310?
65
What is the remainder when 3785774 is divided by 2593?
2587
What is the remainder when 6078925 is divided by 16?
13
What is the remainder when 36873472 is divided by 137076?
28
Calculate the remainder when 54320 is divided by 25018.
4284
What is the remainder when 94268 is divided by 1498?
1392
What is the remainder when 108811 is divided by 15522?
157
What is the remainder when 293918 